se
Is 349888 a multiple of 8?
True
Does 9 divide 10897?
False
Is 1887784 a multiple of 148?
False
Is 10613032 a multiple of 1241?
True
Is 128304 a multiple of 54?
True
Does 50 divide 1173437?
False
Does 638 divide 14539541?
False
Is 2831573 a multiple of 103?
True
Is 1089543 a multiple of 54?
False
Does 119 divide 254828?
False
Is 32 a factor of 354770?
False
Does 5 divide 428320?
True
Does 71 divide 38411?
True
Is 26 a factor of 126797?
False
Is 1351980 a multiple of 35?
True
Is 14 a factor of 373786?
True
Does 21 divide 900146?
False
Does 8 divide 6848?
True
Does 18 divide 115374?
False
Does 608 divide 894910?
False
Is 428 a factor of 579936?
False
Is 43 a factor of 1846585?
False
Is 260365 a multiple of 301?
True
Does 39 divide 359538?
False
Does 38 divide 2004842?
True
Is 40 a factor of 9965000?
True
Does 10 divide 387805?
False
Does 433 divide 5389984?
True
Does 432 divide 1915929?
False
Is 428253 a multiple of 116?
False
Is 10 a factor of 15448638?
False
Does 272 divide 503472?
True
Does 37 divide 42180?
True
Is 131 a factor of 5063910?
False
Is 6 a factor of 11096?
False
Is 32 a factor of 368576?
True
Does 3 divide 4668?
True
Is 56053 a multiple of 4?
False
Is 67 a factor of 179292?
True
Is 115 a factor of 142098?
False
Does 31 divide 344565?
True
Is 519296 a multiple of 211?
False
Is 18 a factor of 4158?
True
Is 46864 a multiple of 16?
True
Does 738 divide 47232?
True
Is 269722 a multiple of 17?
True
Is 10 a factor of 2801031?
False
Does 26 divide 2201004?
True
Does 147 divide 53067?
True
Is 68 a factor of 485928?
True
Does 29 divide 798486?
True
Is 39 a factor of 5592402?
False
Is 2652021 a multiple of 2?
False
Is 95485 a multiple of 113?
True
Does 195 divide 882180?
True
Is 2080551 even?
False
Is 324 a factor of 25223?
False
Does 166 divide 42330?
True
Is 2 a factor of 77158?
True
Does 17 divide 38805?
False
Does 44 divide 2327072?
True
Is 225 a factor of 8769564?
False
Is 151944 a multiple of 6?
True
Is 16 a factor of 470047?
False
Is 25 a factor of 647350?
True
Is 146 a factor of 3716073?
False
Is 2175870 a multiple of 410?
True
Is 235008 a multiple of 64?
True
Does 103 divide 8056382?
False
Is 782 a factor of 14964352?
True
Is 30 a factor of 1769820?
True
Is 21 a factor of 5644809?
False
Is 151 a factor of 72027?
True
Is 145 a factor of 40745?
True
Is 4 a factor of 46246?
False
Does 9 divide 6975?
True
Does 738 divide 1297404?
True
Is 189 a factor of 4690082?
False
Does 2 divide 45718?
True
Is 19 a factor of 317699?
True
Is 84 a factor of 4591798?
False
Does 326 divide 5337505?
False
Does 52 divide 4522016?
False
Is 303858 a multiple of 51?
True
Is 13 a factor of 1454583?
True
Is 234214 a multiple of 181?
True
Is 47 a factor of 145674?
False
Is 3438918 a multiple of 49?
True
Is 141845 a multiple of 17?
False
Does 17 divide 1295264?
True
Does 8 divide 871040?
True
Is 2716762 a multiple of 74?
True
Is 85 a factor of 309230?
True
Does 43 divide 3610129?
False
Does 17 divide 99921?
False
Is 47 a factor of 199596?
False
Does 17 divide 2077706?
True
Is 178 a factor of 516022?
True
Is 181046 a multiple of 87?
False
Does 6 divide 189715?
False
Is 323694 a multiple of 131?
False
Does 4 divide 22019?
False
Is 18 a factor of 11738952?
True
Is 11 a factor of 1711325?
True
Is 34 a factor of 64906?
True
Does 5 divide 2393637?
False
Is 2322440 a multiple of 41?
False
Is 1482 a factor of 4630134?
False
Is 555632 a multiple of 16?
True
Is 17460 a multiple of 582?
True
Is 1182 even?
True
Is 61 a factor of 1006195?
True
Is 1807319 a multiple of 77?
False
Is 9 a factor of 2335718?
False
Is 6363126 a multiple of 9?
True
Is 50176 a multiple of 196?
True
Does 850 divide 11402750?
True
Does 32 divide 78496?
True
Is 722950 a multiple of 25?
True
Does 182 divide 8760908?
False
Is 438756 a multiple of 6?
True
Is 20 a factor of 561520?
True
Is 1541160 a multiple of 54?
True
Is 327080 a multiple of 68?
True
Is 67735 a multiple of 148?
False
Does 11 divide 1221040?
False
Is 2306292 a multiple of 2?
True
Is 453650 a multiple of 143?
False
Does 752 divide 2835036?
False
Does 108 divide 4189320?
True
Is 58739 a multiple of 389?
True
Does 7 divide 5788504?
False
Is 864582 a multiple of 103?
True
Does 10 divide 520580?
True
Does 119 divide 62669?
False
Does 266 divide 15812161?
False
Does 1105 divide 772395?
True
Does 51 divide 780398?
False
Is 13 a factor of 1623804?
True
Does 25 divide 2981400?
True
Is 403 a factor of 164827?
True
Does 92 divide 41492?
True
Is 27 a factor of 5049?
True
Is 173375 a multiple of 18?
False
Is 90 a factor of 206115?
False
Is 53 a factor of 9725142?
False
Does 55 divide 171160?
True
Does 5 divide 423565?
True
Is 493 a factor of 8551776?
False
Is 552501 a multiple of 81?
True
Is 1879296 a multiple of 256?
True
Does 88 divide 306569?
False
Does 30 divide 9620?
False
Does 13 divide 2433960?
False
Is 59 a factor of 76983?
False
Does 2 divide 824958?
True
Does 15 divide 1796550?
True
Is 13 a factor of 121719?
True
Is 541 a factor of 445274?
False
Is 113112 a multiple of 5?
False
Is 979503 a multiple of 6?
False
Is 1089 a factor of 4578156?
True
Is 19943440 a multiple of 1048?
True
Is 23 a factor of 374943?
False
Does 49 divide 223260?
False
Is 2978808 a multiple of 196?
True
Is 292863 a multiple of 337?
False
Is 6 a factor of 2471923?
False
Is 2230325 a multiple of 16?
False
Is 86 a factor of 14832592?
True
Does 119 divide 4543398?
False
Does 272 divide 781573?
False
Does 200 divide 129000?
True
Is 49 a factor of 74578?
True
Does 11 divide 124004?
False
Is 48 a factor of 7785916?
False
Is 9013882 a multiple of 138?
False
Is 155 a factor of 270630?
True
Does 10 divide 20750?
True
Does 10 divide 604470?
True
Is 472244 a multiple of 26?
False
Does 35 divide 1032662?
False
Is 2 a factor of 9139?
False
Does 30 divide 6272010?
True
Is 712950 a multiple of 582?
True
Does 142 divide 31908?
False
Does 11 divide 3936064?
True
Does 688 divide 7641456?
False
Is 165284 a multiple of 14?
True
Is 8 a factor of 19739924?
False
Is 29 a factor of 8731871?
True
Is 2571342 a multiple of 34?
False
Is 1442176 a multiple of 64?
True
Is 204400 a multiple of 16?
True
Does 883 divide 4987801?
False
Is 6 a factor of 257662?
False
Is 24 a factor of 5856463?
False
Does 98 divide 1829441?
False
Does 93 divide 58311?
True
Is 494 a factor of 1008254?
True
Is 37 a factor of 1943006?
False
Is 669014 a multiple of 6?
False
Does 13 divide 235807?
True
Is 203461 a multiple of 47?
False
Is 4 a factor of 3708828?
True
Is 13 a factor of 32058?
True
Is 735140 a multiple of 35?
True
Is 734 a factor of 267176?
True
Does 15 divide 97986?
False
Does 19 divide 49846?
False
Does 117 divide 59276?
False
Does 13 divide 3042162?
False
Is 399271 a multiple of 9?
False
Is 277 a factor of 5090429?
True
Does 2 divide 259034?
True
Is 24332373 a multiple of 383?
True
Is 19050 a multiple of 2?
True
Is 18 a factor of 360949?
False
Does 68 divide 4218924?
True
Is 3847 a multiple of 5?
False
Does 3 divide 15783?
True
Does 34 divide 150593?
False
Does 252 divide 11687086?
False
Is 35076 a multiple of 111?
True
Is 1474002 a multiple of 102?
True
Is 126 a factor of 254646?
True
Does 82 divide 17548?
True
Is 439 a factor of 6921976?
False
Is 24 a factor of 92429?
False
Is 16 a factor of 93008?
True
Is 868465 a multiple of 2?
False
Is 195270 a multiple of 5?
True
Is 264 a factor of 5187571?
False
Is 54 a factor of 1212405?
False
Is 2596242 a multiple of 11?
True
Does 67 divide 193572?
False
Is 67754 a multiple of 10?
False
Does 15 divide 1548195?
True
Is 18886968 a multiple of 554?
True
Is 42840 a multiple of 18?
True
Is 522 a factor of 9976464?
True
Is 4 a factor of 59248?
True
Does 167 divide 335002?
True
Is 288 a factor of 2563809?
False
Is 45672 a multiple of 132?
True
Is 13 a factor of 272358?
False
Is 484 a factor of 7382507?
False
Is 13 a factor of 1045186?
False
Does 53 divide 3252080?
True
Is 10 a factor of 48100?
True
Is 26 a factor of 528346?
True
Is 1858884 a multiple of 6?
True
Is 100 a factor of 618500?
True
Does 608 divide 2678631?
False
Is 21 a factor of 12349772?
False
Is 66180 a multiple of 20?
True
Is 27 a factor of 608283?
True
Is 514270 a multiple of 137?
False
Is 5796973 a multiple of 155?
False
Does 259 divide 236726?
True
Is 216 a factor of 95626?
False
Does 25 divide 2193750